 + 3167 = -l. Is b composite?
True
Let y be (3 + 10/(-4))*2*26549. Suppose -11658 = -13*s + y. Is s composite?
False
Suppose 2*z - 2*q - 2479416 = 0, -5*q - 850 + 875 = 0. Is z a composite number?
True
Let u = -469 - -474. Suppose -r - 4 = 0, 5*b - 2*b - u*r = 11891. Is b composite?
True
Suppose 2*l - 5*r = 7*l - 52065, -10425 = -l + 5*r. Suppose -10 + l = 5*m. Is m a prime number?
True
Let v(g) = -410*g - 11. Let q(p) = -410*p - 10. Let i(w) = 2*q(w) - 3*v(w). Let k be i(-5). Let r = -1160 - k. Is r a prime number?
True
Let s = 2486 - -2421. Let z = s + -2956. Suppose -6*d + 3*d + z = 2*b, -d = -4*b - 627. Is d a composite number?
False
Suppose 38*h - 1083011 = 603198 - 428143. Is h a prime number?
True
Suppose 346*h - 342*h = -1080. Is (519/2)/((-81)/h) prime?
False
Let q(x) be the third derivative of -143*x**4/8 - 19*x**3/6 + 29*x**2. Is q(-2) a composite number?
False
Suppose -5*r + 10872 + 2638 = 0. Let c = r - 1081. Is c a prime number?
True
Suppose -5 = y + t - 2, -4*y - 5*t - 14 = 0. Let h be (-1)/((12/8 + y)/(-302)). Let c = -227 + h. Is c a composite number?
True
Let f(w) = 3*w**2 + 13*w + 17. Let r be f(-16). Suppose -4*q = -5*m - 11, -m + 8 = q - 4*m. Is r - (-6 - (q - 1)) a composite number?
True
Suppose -8*t + 47268 = 4*t. Suppose -2*o + 1579 = -5*j, 8*j = 5*o + 4*j - t. Is o a composite number?
False
Let d(x) = 2*x**3 - 12*x**2 - 10*x + 2. Let k be d(7). Let i = k + -26. Suppose -i*a = 0, -3*a = 4*q - 0*a - 2452. Is q composite?
False
Suppose 13 + 5 = 9*w. Suppose 3*m = 5*m + 4*c - 12, -12 = -w*m + c. Suppose -1220 = -m*q - 146. Is q a composite number?
False
Suppose -3*h + 8155 = 9*d - 8*d, h + 4*d = 2711. Is h*(-1 + 6 + -10 + 6) a prime number?
True
Let p = -17839 - -12011. Let t = p + 28293. Is t a prime number?
False
Let j(a) = -6*a**2 + 19*a - 58. Let i be j(-19). Let w = i + 4546. Is w a prime number?
False
Suppose -5*v + 35 = -4*r, -4*r = 3*v - v + 14. Suppose -4*d - 5*u + 2*u = -4045, v*d - 2*u - 3021 = 0. Is d a prime number?
True
Let z = 10 - 3. Suppose -z*q + 78345 = 2*q. Is q composite?
True
Suppose -p + 3*p - 140 = 4*s, -5*s + 290 = 5*p. Let r = 57 - p. Is 68/1 + 0 + r + 2 a composite number?
True
Suppose 0 = -4*i + 8, 83*s + 298291 = 84*s + 4*i. Is s a prime number?
True
Let m = -49054 - -100805. Is m a prime number?
False
Suppose t - 708623 - 776886 = -5*k, 3*t = k - 297089. Is k prime?
False
Let v(j) = -j**3 - 31*j**2 + 11*j - 39. Let x(k) = k**3 + 32*k**2 - 11*k + 38. Let o(r) = -5*v(r) - 4*x(r). Is o(-16) prime?
False
Is 332226930/1134 - (-4)/(-54) a prime number?
True
Let x(c) = 7*c - 3. Let i be x(1). Suppose 0 = -0*k + i*k + 8, 4*h + 4*k + 2488 = 0. Let u = 117 - h. Is u prime?
False
Suppose -728*q = -726*q + 3*t - 510989, -2*t = -q + 255477. Is q prime?
True
Suppose 3*a - 5*d = 600, -2*a + 7*a = 2*d + 1019. Let h = 64 + a. Is h composite?
False
Suppose 0 = -5*y - 10, 0 = -168*w + 169*w + 3*y - 1018743. Is w a composite number?
True
Suppose -5*p + 3*o + 132 + 203 = 0, -3*p + 197 = -o. Suppose -2*g = -6*g + p. Is (-8)/g*(1 - 479) prime?
True
Let r(p) = -p**2 - 12*p + 4349. Suppose 0 = -5*j - 0*j + 6*j. Is r(j) composite?
False
Is (-3222366)/(-72) + 6/(-72) a composite number?
True
Let y(g) = 665*g - 26. Let o(i) = -12*i - 87. Let f be o(-8). Is y(f) a prime number?
False
Suppose 2*t - 4*b + 2872 = 0, -4*t + 3*b - 1741 = 4003. Let m = t - -4263. Is m a composite number?
True
Suppose 21*t + 6 = 24*t. Let m be t*1*1*(1 + 0). Is (-67)/m*2/3*-3 composite?
False
Suppose -15*s + 20*s = 2*f + 454445, s - 90889 = f. Is s a prime number?
False
Let k(h) = 60192*h + 523. Is k(3) a composite number?
True
Suppose 2*t = 2*m + 261074, 272549 = 2*t - m + 11475. Is t a composite number?
True
Suppose 5*d - 25 = -255. Is d/4*(-22 - 256) prime?
False
Suppose -6*c = -c + 2*f - 34073, f = 5*c - 34061. Suppose 4*b + 3366 = 2*m, 5*m - b - c - 1647 = 0. Is m composite?
False
Let v(y) = 10*y**2 + 5*y - 5. Let f be v(-10). Suppose -f = -6*a + 11*a. Let p = 295 + a. Is p a prime number?
False
Suppose 6*y - 11*y - 5*r + 61600 = 0, 61592 = 5*y - 3*r. Is y composite?
True
Let f(p) = 333*p + 47. Let s be f(-16). Let r = 7484 + s. Is r a composite number?
False
Suppose -64*h - 5424937 + 19632873 = 0. Is h composite?
False
Let i be -27969*3/9*-1. Suppose -3*o + 166 = -i. Is o prime?
True
Let m(o) = 2297*o**3 - 19*o**2 + 26*o + 51. Is m(5) a prime number?
True
Let s = -191 + 186. Is 25410/5 + s/5 + -4 a prime number?
True
Let d(q) = 10821*q**2 + 13*q - 7. Is d(3) a prime number?
False
Suppose 4*l = -2*z + 6686, -5*l = 4*z - 10*l - 13320. Let x = z + -472. Suppose 4*f = x + 213. Is f a composite number?
False
Suppose 8*s - 130 = -5*s. Suppose 4*n = -3*d + 21917, -15*n + s*n = 2*d - 27405. Is n prime?
True
Let g(a) = 6266*a + 2245. Is g(21) composite?
False
Suppose d = 5*a + 24757, 0 = 3*d - 5*a - 15291 - 58950. Let m = -16889 + d. Is m composite?
False
Let n = 10593 - 6934. Let o = 8065 - n. Is o composite?
True
Is (-19 + (-4900014)/140)*(-30)/3 composite?
False
Suppose 4745 = 3*q + g + 774, -3*q + 3969 = 3*g. Suppose a - 5*l = -64 + q, 5*l - 5 = 0. Let z = a - 142. Is z a composite number?
False
Let r = -72806 - -190569. Is r composite?
False
Let r = 9 + -4. Let i(f) = f**3 - 24*f**2 + 26*f - 65. Let a be i(23). Suppose -5*s = n - 153 - 383, a*n - 2159 = -r*s. Is n a prime number?
True
Suppose 0*u + 18910 = u. Let h = u + -7239. Suppose s + 10*s = h. Is s composite?
False
Suppose 0 = -3*j - 248 + 62. Is (31/j)/(1/(-4406)) a prime number?
True
Let y be -2 + 23 + -1 - 1. Let x(c) = 25*c - 49*c + y - 48*c. Is x(-5) composite?
False
Suppose 16*a - 33990 = 6*a. Let g = a - 1060. Is g prime?
True
Suppose t + 1123793 = 4*x, 0 = x - 4*t + 121116 - 402053. Is x a prime number?
True
Let u(d) = -4866*d**2 - 2*d + 7. Let t(i) = -2*i**2 - 1. Let p(b) = -4*t(b) - u(b). Is p(1) a composite number?
True
Let p(z) = 252*z**2 - 2. Suppose 0 = -5*f + 15*f - 20. Is p(f) a prime number?
False
Suppose 0 = 4*p - 17 - 3. Suppose -p*q - h - h + 65851 = 0, -h + 65848 = 5*q. Is q a composite number?
True
Suppose -4*d + y + 242940 = 0, 0*d - 3*y + 242924 = 4*d. Is d a composite number?
True
Let a(r) = 6543*r**2 - 6*r - 7. Is a(2) composite?
False
Let y be 17/4 - 51/(-68). Suppose -5*v = 3*j - 6*j, -2*j + y*v - 5 = 0. Suppose -420 = -j*m + 3395. Is m composite?
True
Suppose 0*u + 13*u - 18395 = 0. Let b = u - -552. Is b a prime number?
False
Suppose 5*p = -4*r + 79, -4*p + 0*p + 57 = -3*r. Suppose 12*n - p = 7*n. Suppose n*b = -l + 818, 2*l - 2*b + 3262 = 6*l. Is l prime?
False
Suppose -4*w + 6852 = -576 - 4240. Is w a prime number?
True
Suppose -9302330 = -94*i + 21366768. Is i composite?
True
Let l = -423 + 1751. Let f = l + -430. Suppose 5*v - 6*v + u + 908 = 0, v - 3*u - f = 0. Is v a composite number?
True
Let g = 48626 - 20743. Is g prime?
True
Let u = 2083 + 72466. Is u prime?
False
Suppose 13*p = 10*p + 9. Suppose 11 - 5 = p*a. Suppose 0 = a*w - 3232 + 606. Is w prime?
False
Let u(f) = 1066*f**2 + 1247*f - 6. Is u(11) composite?
False
Let v(m) = 2806*m - 3061. Is v(59) a composite number?
False
Is (-3 - -2527) + -9 + -2 + 2 a prime number?
False
Suppose 7701686 = 279*s - 4101409. Is s a prime number?
False
Let o be (-1394)/(-10) - (-15)/25. Suppose 0 = 4*u - o + 116. Suppose -u*a = -4410 - 1320. Is a prime?
False
Is (-11*(-12)/528)/(2/525032) composite?
False
Let b = 46 - 44. Suppose -3*o - 19 = d - 3*d, -o - 1 = b*d. Suppose 0 = -3*j - d*j + 970. Is j a composite number?
True
Suppose 0 = -7*s + 5*s - 6*s. Suppose -n - 4*n + 5*d = -2630, s = -4*d + 20. Suppose -n = -0*u - 3*u. Is u prime?
False
Let a be ((-5134)/(-3))/(20/30). Suppose a + 2465 = 8*d. Is d a composite number?
True
Suppose 93 - 13 = 8*u. Is (24354/(-10) - 4)/((-2)/u) a prime number?
True
Let f(k) = 236*k**2 - k - 2. Suppose 0 = -4*v + 3*y - 7, 6 = -2*v - 2*y + 20. Let u be (-2)/4*((v - 2) + 2). Is f(u) prime?
False
Let q be -1718 - 1 - (2 - (-7 + 11)). Let u = -1078 - q. Suppose -5*x - u = -6494. Is x a prime number?
True
Let l be -4*((-10)/(-4) - 2)/1. Let g be (-471)/(-15) - l/(-5) - -3. Suppose 2*f = -g + 152. Is f a prime number?
True
Let c(n) = 82*n**2 - 119*n - 1381. Is c(-10) a prime number?
True
Let t(m) = -16*m + 106. Let f be t(7). Let k(p) = -11*p**3 + 5*p**2 - 19*p - 17. Is k(f) prime